{"id":11032,"date":"2021-05-21T15:16:06","date_gmt":"2021-05-21T15:16:06","guid":{"rendered":"https:\/\/www.bulaoutdoor.nl\/?post_type=product&#038;p=11032"},"modified":"2024-05-29T10:36:33","modified_gmt":"2024-05-29T10:36:33","slug":"berceau-junior-go-avec-ou-sans-base-pour-primo-oval-jr-200","status":"publish","type":"product","link":"https:\/\/bulaoutdoor.nl\/fr\/product\/cradle-junior-go-met-of-zonder-base-voor-de-primo-oval-jr-200\/","title":{"rendered":"Berceau Junior GO avec ou sans base pour Primo Oval JR 200"},"content":{"rendered":"<p>Une base stable pour le Primo Oval JR 200<\/p>\n<ul>\n<li>Le berceau Junior GO peut \u00eatre utilis\u00e9 s\u00e9par\u00e9ment pour placer l'Oval JR 200 au-dessus de quelque chose. Cette pi\u00e8ce peut \u00e9galement \u00eatre command\u00e9e s\u00e9par\u00e9ment.<\/li>\n<li>Le berceau Junior GO combin\u00e9 \u00e0 la base permet de poser le produit directement sur le sol.<\/li>\n<li>La base du Cradle Junior GO peut \u00e9galement \u00eatre command\u00e9e s\u00e9par\u00e9ment en s\u00e9lectionnant uniquement la base.<\/li>\n<\/ul>","protected":false},"excerpt":{"rendered":"<p>S\u00e9lectionnez le produit souhait\u00e9 ou une combinaison de produits ci-dessous et commandez directement les produits souhait\u00e9s.<\/p>","protected":false},"featured_media":11042,"comment_status":"open","ping_status":"closed","template":"","meta":{"_acf_changed":false},"product_brand":[],"product_cat":[383],"product_tag":[553,552,550,551,554],"class_list":{"0":"post-11032","1":"product","2":"type-product","3":"status-publish","4":"has-post-thumbnail","6":"product_cat-oval-200-jr","7":"product_tag-cradle-junior-go","8":"product_tag-junior-go-base","9":"product_tag-pg00321","10":"product_tag-pg00322","11":"product_tag-primo-cradle-jr-200","13":"first","14":"instock","15":"taxable","16":"shipping-taxable","17":"purchasable","18":"product-type-variable","19":"has-default-attributes"},"acf":[],"yoast_head":"<!-- This site is optimized with the Yoast SEO plugin v27.4 - https:\/\/yoast.com\/product\/yoast-seo-wordpress\/ -->\n<title>Cradle Junior GO met of zonder base voor de Primo Oval JR 200 &#8211; Bula Outdoor<\/title>\n<meta name=\"robots\" content=\"index, follow, max-snippet:-1, max-image-preview:large, max-video-preview:-1\" \/>\n<link rel=\"canonical\" href=\"https:\/\/bulaoutdoor.nl\/fr\/produit\/berceau-junior-go-avec-ou-sans-base-pour-primo-oval-jr-200\/\" \/>\n<meta property=\"og:locale\" content=\"fr_FR\" \/>\n<meta property=\"og:type\" content=\"article\" \/>\n<meta property=\"og:title\" content=\"Cradle Junior GO met of zonder base voor de Primo Oval JR 200 &#8211; Bula Outdoor\" \/>\n<meta property=\"og:description\" content=\"Selecteer hieronder jou gewenste product of een combinatie hiervan en bestel jouw gewenste producten direct.\" \/>\n<meta property=\"og:url\" content=\"https:\/\/bulaoutdoor.nl\/fr\/produit\/berceau-junior-go-avec-ou-sans-base-pour-primo-oval-jr-200\/\" \/>\n<meta property=\"og:site_name\" content=\"Bula Outdoor\" \/>\n<meta property=\"article:modified_time\" content=\"2024-05-29T10:36:33+00:00\" \/>\n<meta property=\"og:image\" content=\"https:\/\/bulaoutdoor.nl\/wp-content\/uploads\/2021\/05\/cradle-junior-go-plus-base.jpg\" \/>\n\t<meta property=\"og:image:width\" content=\"400\" \/>\n\t<meta property=\"og:image:height\" content=\"400\" \/>\n\t<meta property=\"og:image:type\" content=\"image\/jpeg\" \/>\n<meta name=\"twitter:card\" content=\"summary_large_image\" \/>\n<meta name=\"twitter:label1\" content=\"Dur\u00e9e de lecture estim\u00e9e\" \/>\n\t<meta name=\"twitter:data1\" content=\"1 minute\" \/>\n<script type=\"application\/ld+json\" class=\"yoast-schema-graph\">{\"@context\":\"https:\\\/\\\/schema.org\",\"@graph\":[{\"@type\":\"WebPage\",\"@id\":\"https:\\\/\\\/bulaoutdoor.nl\\\/product\\\/cradle-junior-go-met-of-zonder-base-voor-de-primo-oval-jr-200\\\/\",\"url\":\"https:\\\/\\\/bulaoutdoor.nl\\\/product\\\/cradle-junior-go-met-of-zonder-base-voor-de-primo-oval-jr-200\\\/\",\"name\":\"Cradle Junior GO met of zonder base voor de Primo Oval JR 200 &#8211; Bula Outdoor\",\"isPartOf\":{\"@id\":\"https:\\\/\\\/bulaoutdoor.nl\\\/#website\"},\"primaryImageOfPage\":{\"@id\":\"https:\\\/\\\/bulaoutdoor.nl\\\/product\\\/cradle-junior-go-met-of-zonder-base-voor-de-primo-oval-jr-200\\\/#primaryimage\"},\"image\":{\"@id\":\"https:\\\/\\\/bulaoutdoor.nl\\\/product\\\/cradle-junior-go-met-of-zonder-base-voor-de-primo-oval-jr-200\\\/#primaryimage\"},\"thumbnailUrl\":\"https:\\\/\\\/bulaoutdoor.nl\\\/wp-content\\\/uploads\\\/2021\\\/05\\\/cradle-junior-go-plus-base.jpg\",\"datePublished\":\"2021-05-21T15:16:06+00:00\",\"dateModified\":\"2024-05-29T10:36:33+00:00\",\"breadcrumb\":{\"@id\":\"https:\\\/\\\/bulaoutdoor.nl\\\/product\\\/cradle-junior-go-met-of-zonder-base-voor-de-primo-oval-jr-200\\\/#breadcrumb\"},\"inLanguage\":\"fr-FR\",\"potentialAction\":[{\"@type\":\"ReadAction\",\"target\":[\"https:\\\/\\\/bulaoutdoor.nl\\\/product\\\/cradle-junior-go-met-of-zonder-base-voor-de-primo-oval-jr-200\\\/\"]}]},{\"@type\":\"ImageObject\",\"inLanguage\":\"fr-FR\",\"@id\":\"https:\\\/\\\/bulaoutdoor.nl\\\/product\\\/cradle-junior-go-met-of-zonder-base-voor-de-primo-oval-jr-200\\\/#primaryimage\",\"url\":\"https:\\\/\\\/bulaoutdoor.nl\\\/wp-content\\\/uploads\\\/2021\\\/05\\\/cradle-junior-go-plus-base.jpg\",\"contentUrl\":\"https:\\\/\\\/bulaoutdoor.nl\\\/wp-content\\\/uploads\\\/2021\\\/05\\\/cradle-junior-go-plus-base.jpg\",\"width\":400,\"height\":400},{\"@type\":\"BreadcrumbList\",\"@id\":\"https:\\\/\\\/bulaoutdoor.nl\\\/product\\\/cradle-junior-go-met-of-zonder-base-voor-de-primo-oval-jr-200\\\/#breadcrumb\",\"itemListElement\":[{\"@type\":\"ListItem\",\"position\":1,\"name\":\"Home\",\"item\":\"https:\\\/\\\/bulaoutdoor.nl\\\/\"},{\"@type\":\"ListItem\",\"position\":2,\"name\":\"Online BBQ kopen\",\"item\":\"https:\\\/\\\/bulaoutdoor.nl\\\/\"},{\"@type\":\"ListItem\",\"position\":3,\"name\":\"Cradle Junior GO met of zonder base voor de Primo Oval JR 200\"}]},{\"@type\":\"WebSite\",\"@id\":\"https:\\\/\\\/bulaoutdoor.nl\\\/#website\",\"url\":\"https:\\\/\\\/bulaoutdoor.nl\\\/\",\"name\":\"Bula Outdoor\",\"description\":\"Voor uw buitenhaard, BBQ, tuinfakkel en houtoven\",\"publisher\":{\"@id\":\"https:\\\/\\\/bulaoutdoor.nl\\\/#organization\"},\"potentialAction\":[{\"@type\":\"SearchAction\",\"target\":{\"@type\":\"EntryPoint\",\"urlTemplate\":\"https:\\\/\\\/bulaoutdoor.nl\\\/?s={search_term_string}\"},\"query-input\":{\"@type\":\"PropertyValueSpecification\",\"valueRequired\":true,\"valueName\":\"search_term_string\"}}],\"inLanguage\":\"fr-FR\"},{\"@type\":\"Organization\",\"@id\":\"https:\\\/\\\/bulaoutdoor.nl\\\/#organization\",\"name\":\"Bula Outdoor\",\"url\":\"https:\\\/\\\/bulaoutdoor.nl\\\/\",\"logo\":{\"@type\":\"ImageObject\",\"inLanguage\":\"fr-FR\",\"@id\":\"https:\\\/\\\/bulaoutdoor.nl\\\/#\\\/schema\\\/logo\\\/image\\\/\",\"url\":\"https:\\\/\\\/www.bulaoutdoor.nl\\\/wp-content\\\/uploads\\\/2018\\\/04\\\/bulaoutdoor-logo.png\",\"contentUrl\":\"https:\\\/\\\/www.bulaoutdoor.nl\\\/wp-content\\\/uploads\\\/2018\\\/04\\\/bulaoutdoor-logo.png\",\"width\":324,\"height\":91,\"caption\":\"Bula Outdoor\"},\"image\":{\"@id\":\"https:\\\/\\\/bulaoutdoor.nl\\\/#\\\/schema\\\/logo\\\/image\\\/\"}}]}<\/script>\n<!-- \/ Yoast SEO plugin. -->","yoast_head_json":{"title":"Berceau Junior GO avec ou sans base pour Primo Oval JR 200 - Bula Outdoor","robots":{"index":"index","follow":"follow","max-snippet":"max-snippet:-1","max-image-preview":"max-image-preview:large","max-video-preview":"max-video-preview:-1"},"canonical":"https:\/\/bulaoutdoor.nl\/fr\/produit\/berceau-junior-go-avec-ou-sans-base-pour-primo-oval-jr-200\/","og_locale":"fr_FR","og_type":"article","og_title":"Cradle Junior GO met of zonder base voor de Primo Oval JR 200 &#8211; Bula Outdoor","og_description":"Selecteer hieronder jou gewenste product of een combinatie hiervan en bestel jouw gewenste producten direct.","og_url":"https:\/\/bulaoutdoor.nl\/fr\/produit\/berceau-junior-go-avec-ou-sans-base-pour-primo-oval-jr-200\/","og_site_name":"Bula Outdoor","article_modified_time":"2024-05-29T10:36:33+00:00","og_image":[{"width":400,"height":400,"url":"https:\/\/bulaoutdoor.nl\/wp-content\/uploads\/2021\/05\/cradle-junior-go-plus-base.jpg","type":"image\/jpeg"}],"twitter_card":"summary_large_image","twitter_misc":{"Dur\u00e9e de lecture estim\u00e9e":"1 minute"},"schema":{"@context":"https:\/\/schema.org","@graph":[{"@type":"WebPage","@id":"https:\/\/bulaoutdoor.nl\/product\/cradle-junior-go-met-of-zonder-base-voor-de-primo-oval-jr-200\/","url":"https:\/\/bulaoutdoor.nl\/product\/cradle-junior-go-met-of-zonder-base-voor-de-primo-oval-jr-200\/","name":"Berceau Junior GO avec ou sans base pour Primo Oval JR 200 - Bula Outdoor","isPartOf":{"@id":"https:\/\/bulaoutdoor.nl\/#website"},"primaryImageOfPage":{"@id":"https:\/\/bulaoutdoor.nl\/product\/cradle-junior-go-met-of-zonder-base-voor-de-primo-oval-jr-200\/#primaryimage"},"image":{"@id":"https:\/\/bulaoutdoor.nl\/product\/cradle-junior-go-met-of-zonder-base-voor-de-primo-oval-jr-200\/#primaryimage"},"thumbnailUrl":"https:\/\/bulaoutdoor.nl\/wp-content\/uploads\/2021\/05\/cradle-junior-go-plus-base.jpg","datePublished":"2021-05-21T15:16:06+00:00","dateModified":"2024-05-29T10:36:33+00:00","breadcrumb":{"@id":"https:\/\/bulaoutdoor.nl\/product\/cradle-junior-go-met-of-zonder-base-voor-de-primo-oval-jr-200\/#breadcrumb"},"inLanguage":"fr-FR","potentialAction":[{"@type":"ReadAction","target":["https:\/\/bulaoutdoor.nl\/product\/cradle-junior-go-met-of-zonder-base-voor-de-primo-oval-jr-200\/"]}]},{"@type":"ImageObject","inLanguage":"fr-FR","@id":"https:\/\/bulaoutdoor.nl\/product\/cradle-junior-go-met-of-zonder-base-voor-de-primo-oval-jr-200\/#primaryimage","url":"https:\/\/bulaoutdoor.nl\/wp-content\/uploads\/2021\/05\/cradle-junior-go-plus-base.jpg","contentUrl":"https:\/\/bulaoutdoor.nl\/wp-content\/uploads\/2021\/05\/cradle-junior-go-plus-base.jpg","width":400,"height":400},{"@type":"BreadcrumbList","@id":"https:\/\/bulaoutdoor.nl\/product\/cradle-junior-go-met-of-zonder-base-voor-de-primo-oval-jr-200\/#breadcrumb","itemListElement":[{"@type":"ListItem","position":1,"name":"Home","item":"https:\/\/bulaoutdoor.nl\/"},{"@type":"ListItem","position":2,"name":"Online BBQ kopen","item":"https:\/\/bulaoutdoor.nl\/"},{"@type":"ListItem","position":3,"name":"Cradle Junior GO met of zonder base voor de Primo Oval JR 200"}]},{"@type":"WebSite","@id":"https:\/\/bulaoutdoor.nl\/#website","url":"https:\/\/bulaoutdoor.nl\/","name":"Bula Outdoor","description":"Pour votre chemin\u00e9e ext\u00e9rieure, votre barbecue, votre torche de jardin et votre four \u00e0 bois","publisher":{"@id":"https:\/\/bulaoutdoor.nl\/#organization"},"potentialAction":[{"@type":"SearchAction","target":{"@type":"EntryPoint","urlTemplate":"https:\/\/bulaoutdoor.nl\/?s={search_term_string}"},"query-input":{"@type":"PropertyValueSpecification","valueRequired":true,"valueName":"search_term_string"}}],"inLanguage":"fr-FR"},{"@type":"Organization","@id":"https:\/\/bulaoutdoor.nl\/#organization","name":"Bula Outdoor","url":"https:\/\/bulaoutdoor.nl\/","logo":{"@type":"ImageObject","inLanguage":"fr-FR","@id":"https:\/\/bulaoutdoor.nl\/#\/schema\/logo\/image\/","url":"https:\/\/www.bulaoutdoor.nl\/wp-content\/uploads\/2018\/04\/bulaoutdoor-logo.png","contentUrl":"https:\/\/www.bulaoutdoor.nl\/wp-content\/uploads\/2018\/04\/bulaoutdoor-logo.png","width":324,"height":91,"caption":"Bula Outdoor"},"image":{"@id":"https:\/\/bulaoutdoor.nl\/#\/schema\/logo\/image\/"}}]}},"jetpack_sharing_enabled":true,"_links":{"self":[{"href":"https:\/\/bulaoutdoor.nl\/fr\/wp-json\/wp\/v2\/product\/11032","targetHints":{"allow":["GET"]}}],"collection":[{"href":"https:\/\/bulaoutdoor.nl\/fr\/wp-json\/wp\/v2\/product"}],"about":[{"href":"https:\/\/bulaoutdoor.nl\/fr\/wp-json\/wp\/v2\/types\/product"}],"replies":[{"embeddable":true,"href":"https:\/\/bulaoutdoor.nl\/fr\/wp-json\/wp\/v2\/comments?post=11032"}],"wp:featuredmedia":[{"embeddable":true,"href":"https:\/\/bulaoutdoor.nl\/fr\/wp-json\/wp\/v2\/media\/11042"}],"wp:attachment":[{"href":"https:\/\/bulaoutdoor.nl\/fr\/wp-json\/wp\/v2\/media?parent=11032"}],"wp:term":[{"taxonomy":"product_brand","embeddable":true,"href":"https:\/\/bulaoutdoor.nl\/fr\/wp-json\/wp\/v2\/product_brand?post=11032"},{"taxonomy":"product_cat","embeddable":true,"href":"https:\/\/bulaoutdoor.nl\/fr\/wp-json\/wp\/v2\/product_cat?post=11032"},{"taxonomy":"product_tag","embeddable":true,"href":"https:\/\/bulaoutdoor.nl\/fr\/wp-json\/wp\/v2\/product_tag?post=11032"}],"curies":[{"name":"wp","href":"https:\/\/api.w.org\/{rel}","templated":true}]}}

<p>Une base stable pour le Primo Oval JR 200</p>
<ul>
<li>Le berceau Junior GO peut être utilisé séparément pour placer l'Oval JR 200 au-dessus de quelque chose. Cette pièce peut également être commandée séparément.</li>
<li>Le berceau Junior GO combiné à la base permet de poser le produit directement sur le sol.</li>
<li>La base du Cradle Junior GO peut également être commandée séparément en sélectionnant uniquement la base.</li>
</ul>

<p>Sélectionnez le produit souhaité ou une combinaison de produits ci-dessous et commandez directement les produits souhaités.</p>

<!-- This site is optimized with the Yoast SEO plugin v27.4 - https://yoast.com/product/yoast-seo-wordpress/ -->
<title>Cradle Junior GO met of zonder base voor de Primo Oval JR 200 &#8211; Bula Outdoor</title>
<meta name="robots" content="index, follow, max-snippet:-1, max-image-preview:large, max-video-preview:-1" />
<link rel="canonical" href="https://bulaoutdoor.nl/fr/produit/berceau-junior-go-avec-ou-sans-base-pour-primo-oval-jr-200/" />
<meta property="og:locale" content="fr_FR" />
<meta property="og:type" content="article" />
<meta property="og:title" content="Cradle Junior GO met of zonder base voor de Primo Oval JR 200 &#8211; Bula Outdoor" />
<meta property="og:description" content="Selecteer hieronder jou gewenste product of een combinatie hiervan en bestel jouw gewenste producten direct." />
<meta property="og:url" content="https://bulaoutdoor.nl/fr/produit/berceau-junior-go-avec-ou-sans-base-pour-primo-oval-jr-200/" />
<meta property="og:site_name" content="Bula Outdoor" />
<meta property="article:modified_time" content="2024-05-29T10:36:33+00:00" />
<meta property="og:image" content="https://bulaoutdoor.nl/wp-content/uploads/2021/05/cradle-junior-go-plus-base.jpg" />
	<meta property="og:image:width" content="400" />
	<meta property="og:image:height" content="400" />
	<meta property="og:image:type" content="image/jpeg" />
<meta name="twitter:card" content="summary_large_image" />
<meta name="twitter:label1" content="Durée de lecture estimée" />
	<meta name="twitter:data1" content="1 minute" />
<script type="application/ld+json" class="yoast-schema-graph">{"@context":"https:\/\/schema.org","@graph":[{"@type":"WebPage","@id":"https:\/\/bulaoutdoor.nl\/product\/cradle-junior-go-met-of-zonder-base-voor-de-primo-oval-jr-200\/","url":"https:\/\/bulaoutdoor.nl\/product\/cradle-junior-go-met-of-zonder-base-voor-de-primo-oval-jr-200\/","name":"Cradle Junior GO met of zonder base voor de Primo Oval JR 200 &#8211; Bula Outdoor","isPartOf":{"@id":"https:\/\/bulaoutdoor.nl\/#website"},"primaryImageOfPage":{"@id":"https:\/\/bulaoutdoor.nl\/product\/cradle-junior-go-met-of-zonder-base-voor-de-primo-oval-jr-200\/#primaryimage"},"image":{"@id":"https:\/\/bulaoutdoor.nl\/product\/cradle-junior-go-met-of-zonder-base-voor-de-primo-oval-jr-200\/#primaryimage"},"thumbnailUrl":"https:\/\/bulaoutdoor.nl\/wp-content\/uploads\/2021\/05\/cradle-junior-go-plus-base.jpg","datePublished":"2021-05-21T15:16:06+00:00","dateModified":"2024-05-29T10:36:33+00:00","breadcrumb":{"@id":"https:\/\/bulaoutdoor.nl\/product\/cradle-junior-go-met-of-zonder-base-voor-de-primo-oval-jr-200\/#breadcrumb"},"inLanguage":"fr-FR","potentialAction":[{"@type":"ReadAction","target":["https:\/\/bulaoutdoor.nl\/product\/cradle-junior-go-met-of-zonder-base-voor-de-primo-oval-jr-200\/"]}]},{"@type":"ImageObject","inLanguage":"fr-FR","@id":"https:\/\/bulaoutdoor.nl\/product\/cradle-junior-go-met-of-zonder-base-voor-de-primo-oval-jr-200\/#primaryimage","url":"https:\/\/bulaoutdoor.nl\/wp-content\/uploads\/2021\/05\/cradle-junior-go-plus-base.jpg","contentUrl":"https:\/\/bulaoutdoor.nl\/wp-content\/uploads\/2021\/05\/cradle-junior-go-plus-base.jpg","width":400,"height":400},{"@type":"BreadcrumbList","@id":"https:\/\/bulaoutdoor.nl\/product\/cradle-junior-go-met-of-zonder-base-voor-de-primo-oval-jr-200\/#breadcrumb","itemListElement":[{"@type":"ListItem","position":1,"name":"Home","item":"https:\/\/bulaoutdoor.nl\/"},{"@type":"ListItem","position":2,"name":"Online BBQ kopen","item":"https:\/\/bulaoutdoor.nl\/"},{"@type":"ListItem","position":3,"name":"Cradle Junior GO met of zonder base voor de Primo Oval JR 200"}]},{"@type":"WebSite","@id":"https:\/\/bulaoutdoor.nl\/#website","url":"https:\/\/bulaoutdoor.nl\/","name":"Bula Outdoor","description":"Voor uw buitenhaard, BBQ, tuinfakkel en houtoven","publisher":{"@id":"https:\/\/bulaoutdoor.nl\/#organization"},"potentialAction":[{"@type":"SearchAction","target":{"@type":"EntryPoint","urlTemplate":"https:\/\/bulaoutdoor.nl\/?s={search_term_string}"},"query-input":{"@type":"PropertyValueSpecification","valueRequired":true,"valueName":"search_term_string"}}],"inLanguage":"fr-FR"},{"@type":"Organization","@id":"https:\/\/bulaoutdoor.nl\/#organization","name":"Bula Outdoor","url":"https:\/\/bulaoutdoor.nl\/","logo":{"@type":"ImageObject","inLanguage":"fr-FR","@id":"https:\/\/bulaoutdoor.nl\/#\/schema\/logo\/image\/","url":"https:\/\/www.bulaoutdoor.nl\/wp-content\/uploads\/2018\/04\/bulaoutdoor-logo.png","contentUrl":"https:\/\/www.bulaoutdoor.nl\/wp-content\/uploads\/2018\/04\/bulaoutdoor-logo.png","width":324,"height":91,"caption":"Bula Outdoor"},"image":{"@id":"https:\/\/bulaoutdoor.nl\/#\/schema\/logo\/image\/"}}]}</script>
<!-- / Yoast SEO plugin. -->

Pour votre cheminée extérieure, votre barbecue, votre torche de jardin et votre four à bois
