{"id":93935,"date":"2026-02-21T22:37:22","date_gmt":"2026-02-21T22:37:22","guid":{"rendered":"https:\/\/bulaoutdoor.nl\/?post_type=product&#038;p=93935"},"modified":"2026-02-26T11:35:44","modified_gmt":"2026-02-26T11:35:44","slug":"emplacement-vide-grenier-11-octobre","status":"publish","type":"product","link":"https:\/\/bulaoutdoor.nl\/fr\/product\/emplacement-vide-grenier-11-octobre\/","title":{"rendered":"Emplacement Vide-Grenier \/ Brocante - 11 octobre 26"},"content":{"rendered":"<p>Stand Vide grenier et brocante pendant la f\u00eate de la musique.<\/p>\n<p>Mise en place de 9h00 \u00e0 10h00. Il n'est pas couvert.<\/p>\n<p>Ouvert de 10h \u00e0 16h30, le festival de musique dure jusqu'\u00e0 18h.<\/p>\n<p>Prix par m\u00e8tre \u20ac 4.50<\/p>\n<p>Posez vos questions \u00e0 info@bulaoutdoor.nl<\/p>\n<p>Lieu : 5567 Prie Dieu 47210 Bournel (fronti\u00e8re de Ferrensac)<\/p>\n<p><img loading=\"lazy\" decoding=\"async\" class=\"alignnone wp-image-93936\" src=\"https:\/\/bulaoutdoor.nl\/wp-content\/uploads\/2026\/02\/jDirAPkwBifnEBEx8-300x300.png\" alt=\"\" width=\"237\" height=\"237\" srcset=\"https:\/\/bulaoutdoor.nl\/wp-content\/uploads\/2026\/02\/jDirAPkwBifnEBEx8-300x300.png 300w, https:\/\/bulaoutdoor.nl\/wp-content\/uploads\/2026\/02\/jDirAPkwBifnEBEx8-150x150.png 150w, https:\/\/bulaoutdoor.nl\/wp-content\/uploads\/2026\/02\/jDirAPkwBifnEBEx8-768x768.png 768w, https:\/\/bulaoutdoor.nl\/wp-content\/uploads\/2026\/02\/jDirAPkwBifnEBEx8-12x12.png 12w, https:\/\/bulaoutdoor.nl\/wp-content\/uploads\/2026\/02\/jDirAPkwBifnEBEx8-324x324.png 324w, https:\/\/bulaoutdoor.nl\/wp-content\/uploads\/2026\/02\/jDirAPkwBifnEBEx8-416x416.png 416w, https:\/\/bulaoutdoor.nl\/wp-content\/uploads\/2026\/02\/jDirAPkwBifnEBEx8-100x100.png 100w, https:\/\/bulaoutdoor.nl\/wp-content\/uploads\/2026\/02\/jDirAPkwBifnEBEx8.png 1024w\" sizes=\"auto, (max-width: 237px) 100vw, 237px\" \/><\/p>","protected":false},"excerpt":{"rendered":"<p>prix au m\u00e8tre<\/p>","protected":false},"featured_media":93937,"comment_status":"open","ping_status":"closed","template":"","meta":{"_acf_changed":false},"product_brand":[],"product_cat":[222],"product_tag":[],"class_list":{"0":"post-93935","1":"product","2":"type-product","3":"status-publish","4":"has-post-thumbnail","6":"product_cat-pizza-houtoven-workshop","8":"first","9":"instock","10":"taxable","11":"shipping-taxable","12":"purchasable","13":"product-type-simple"},"acf":[],"yoast_head":"<!-- This site is optimized with the Yoast SEO plugin v27.5 - https:\/\/yoast.com\/product\/yoast-seo-wordpress\/ -->\n<title>Emplacement Vide-Grenier \/ Brocante \u2013 11 octobre 26 &#8211; Bula Outdoor<\/title>\n<meta name=\"robots\" content=\"index, follow, max-snippet:-1, max-image-preview:large, max-video-preview:-1\" \/>\n<link rel=\"canonical\" href=\"https:\/\/bulaoutdoor.nl\/fr\/produit\/emplacement-vide-grenier-11-octobre\/\" \/>\n<meta property=\"og:locale\" content=\"fr_FR\" \/>\n<meta property=\"og:type\" content=\"article\" \/>\n<meta property=\"og:title\" content=\"Emplacement Vide-Grenier \/ Brocante \u2013 11 octobre 26 &#8211; Bula Outdoor\" \/>\n<meta property=\"og:description\" content=\"prijs per meter\" \/>\n<meta property=\"og:url\" content=\"https:\/\/bulaoutdoor.nl\/fr\/produit\/emplacement-vide-grenier-11-octobre\/\" \/>\n<meta property=\"og:site_name\" content=\"Bula Outdoor\" \/>\n<meta property=\"article:modified_time\" content=\"2026-02-26T11:35:44+00:00\" \/>\n<meta property=\"og:image\" content=\"https:\/\/bulaoutdoor.nl\/wp-content\/uploads\/2026\/02\/PHOTO-2025-10-14-09-53-41.jpg\" \/>\n\t<meta property=\"og:image:width\" content=\"1600\" \/>\n\t<meta property=\"og:image:height\" content=\"1067\" \/>\n\t<meta property=\"og:image:type\" content=\"image\/jpeg\" \/>\n<meta name=\"twitter:card\" content=\"summary_large_image\" \/>\n<meta name=\"twitter:label1\" content=\"Dur\u00e9e de lecture estim\u00e9e\" \/>\n\t<meta name=\"twitter:data1\" content=\"1 minute\" \/>\n<script type=\"application\/ld+json\" class=\"yoast-schema-graph\">{\"@context\":\"https:\\\/\\\/schema.org\",\"@graph\":[{\"@type\":\"WebPage\",\"@id\":\"https:\\\/\\\/bulaoutdoor.nl\\\/product\\\/emplacement-vide-grenier-11-octobre\\\/\",\"url\":\"https:\\\/\\\/bulaoutdoor.nl\\\/product\\\/emplacement-vide-grenier-11-octobre\\\/\",\"name\":\"Emplacement Vide-Grenier \\\/ Brocante \u2013 11 octobre 26 &#8211; Bula Outdoor\",\"isPartOf\":{\"@id\":\"https:\\\/\\\/bulaoutdoor.nl\\\/#website\"},\"primaryImageOfPage\":{\"@id\":\"https:\\\/\\\/bulaoutdoor.nl\\\/product\\\/emplacement-vide-grenier-11-octobre\\\/#primaryimage\"},\"image\":{\"@id\":\"https:\\\/\\\/bulaoutdoor.nl\\\/product\\\/emplacement-vide-grenier-11-octobre\\\/#primaryimage\"},\"thumbnailUrl\":\"https:\\\/\\\/bulaoutdoor.nl\\\/wp-content\\\/uploads\\\/2026\\\/02\\\/PHOTO-2025-10-14-09-53-41.jpg\",\"datePublished\":\"2026-02-21T22:37:22+00:00\",\"dateModified\":\"2026-02-26T11:35:44+00:00\",\"breadcrumb\":{\"@id\":\"https:\\\/\\\/bulaoutdoor.nl\\\/product\\\/emplacement-vide-grenier-11-octobre\\\/#breadcrumb\"},\"inLanguage\":\"fr-FR\",\"potentialAction\":[{\"@type\":\"ReadAction\",\"target\":[\"https:\\\/\\\/bulaoutdoor.nl\\\/product\\\/emplacement-vide-grenier-11-octobre\\\/\"]}]},{\"@type\":\"ImageObject\",\"inLanguage\":\"fr-FR\",\"@id\":\"https:\\\/\\\/bulaoutdoor.nl\\\/product\\\/emplacement-vide-grenier-11-octobre\\\/#primaryimage\",\"url\":\"https:\\\/\\\/bulaoutdoor.nl\\\/wp-content\\\/uploads\\\/2026\\\/02\\\/PHOTO-2025-10-14-09-53-41.jpg\",\"contentUrl\":\"https:\\\/\\\/bulaoutdoor.nl\\\/wp-content\\\/uploads\\\/2026\\\/02\\\/PHOTO-2025-10-14-09-53-41.jpg\",\"width\":1600,\"height\":1067},{\"@type\":\"BreadcrumbList\",\"@id\":\"https:\\\/\\\/bulaoutdoor.nl\\\/product\\\/emplacement-vide-grenier-11-octobre\\\/#breadcrumb\",\"itemListElement\":[{\"@type\":\"ListItem\",\"position\":1,\"name\":\"Home\",\"item\":\"https:\\\/\\\/bulaoutdoor.nl\\\/\"},{\"@type\":\"ListItem\",\"position\":2,\"name\":\"Online BBQ kopen\",\"item\":\"https:\\\/\\\/bulaoutdoor.nl\\\/\"},{\"@type\":\"ListItem\",\"position\":3,\"name\":\"Emplacement Vide-Grenier \\\/ Brocante \u2013 11 octobre 26\"}]},{\"@type\":\"WebSite\",\"@id\":\"https:\\\/\\\/bulaoutdoor.nl\\\/#website\",\"url\":\"https:\\\/\\\/bulaoutdoor.nl\\\/\",\"name\":\"Bula Outdoor\",\"description\":\"Voor uw buitenhaard, BBQ, tuinfakkel en houtoven\",\"publisher\":{\"@id\":\"https:\\\/\\\/bulaoutdoor.nl\\\/#organization\"},\"potentialAction\":[{\"@type\":\"SearchAction\",\"target\":{\"@type\":\"EntryPoint\",\"urlTemplate\":\"https:\\\/\\\/bulaoutdoor.nl\\\/?s={search_term_string}\"},\"query-input\":{\"@type\":\"PropertyValueSpecification\",\"valueRequired\":true,\"valueName\":\"search_term_string\"}}],\"inLanguage\":\"fr-FR\"},{\"@type\":\"Organization\",\"@id\":\"https:\\\/\\\/bulaoutdoor.nl\\\/#organization\",\"name\":\"Bula Outdoor\",\"url\":\"https:\\\/\\\/bulaoutdoor.nl\\\/\",\"logo\":{\"@type\":\"ImageObject\",\"inLanguage\":\"fr-FR\",\"@id\":\"https:\\\/\\\/bulaoutdoor.nl\\\/#\\\/schema\\\/logo\\\/image\\\/\",\"url\":\"https:\\\/\\\/www.bulaoutdoor.nl\\\/wp-content\\\/uploads\\\/2018\\\/04\\\/bulaoutdoor-logo.png\",\"contentUrl\":\"https:\\\/\\\/www.bulaoutdoor.nl\\\/wp-content\\\/uploads\\\/2018\\\/04\\\/bulaoutdoor-logo.png\",\"width\":324,\"height\":91,\"caption\":\"Bula Outdoor\"},\"image\":{\"@id\":\"https:\\\/\\\/bulaoutdoor.nl\\\/#\\\/schema\\\/logo\\\/image\\\/\"}}]}<\/script>\n<!-- \/ Yoast SEO plugin. -->","yoast_head_json":{"title":"Emplacement Vide-Grenier \/ Brocante - 11 octobre 26 - Bula Outdoor","robots":{"index":"index","follow":"follow","max-snippet":"max-snippet:-1","max-image-preview":"max-image-preview:large","max-video-preview":"max-video-preview:-1"},"canonical":"https:\/\/bulaoutdoor.nl\/fr\/produit\/emplacement-vide-grenier-11-octobre\/","og_locale":"fr_FR","og_type":"article","og_title":"Emplacement Vide-Grenier \/ Brocante \u2013 11 octobre 26 &#8211; Bula Outdoor","og_description":"prijs per meter","og_url":"https:\/\/bulaoutdoor.nl\/fr\/produit\/emplacement-vide-grenier-11-octobre\/","og_site_name":"Bula Outdoor","article_modified_time":"2026-02-26T11:35:44+00:00","og_image":[{"width":1600,"height":1067,"url":"https:\/\/bulaoutdoor.nl\/wp-content\/uploads\/2026\/02\/PHOTO-2025-10-14-09-53-41.jpg","type":"image\/jpeg"}],"twitter_card":"summary_large_image","twitter_misc":{"Dur\u00e9e de lecture estim\u00e9e":"1 minute"},"schema":{"@context":"https:\/\/schema.org","@graph":[{"@type":"WebPage","@id":"https:\/\/bulaoutdoor.nl\/product\/emplacement-vide-grenier-11-octobre\/","url":"https:\/\/bulaoutdoor.nl\/product\/emplacement-vide-grenier-11-octobre\/","name":"Emplacement Vide-Grenier \/ Brocante - 11 octobre 26 - Bula Outdoor","isPartOf":{"@id":"https:\/\/bulaoutdoor.nl\/#website"},"primaryImageOfPage":{"@id":"https:\/\/bulaoutdoor.nl\/product\/emplacement-vide-grenier-11-octobre\/#primaryimage"},"image":{"@id":"https:\/\/bulaoutdoor.nl\/product\/emplacement-vide-grenier-11-octobre\/#primaryimage"},"thumbnailUrl":"https:\/\/bulaoutdoor.nl\/wp-content\/uploads\/2026\/02\/PHOTO-2025-10-14-09-53-41.jpg","datePublished":"2026-02-21T22:37:22+00:00","dateModified":"2026-02-26T11:35:44+00:00","breadcrumb":{"@id":"https:\/\/bulaoutdoor.nl\/product\/emplacement-vide-grenier-11-octobre\/#breadcrumb"},"inLanguage":"fr-FR","potentialAction":[{"@type":"ReadAction","target":["https:\/\/bulaoutdoor.nl\/product\/emplacement-vide-grenier-11-octobre\/"]}]},{"@type":"ImageObject","inLanguage":"fr-FR","@id":"https:\/\/bulaoutdoor.nl\/product\/emplacement-vide-grenier-11-octobre\/#primaryimage","url":"https:\/\/bulaoutdoor.nl\/wp-content\/uploads\/2026\/02\/PHOTO-2025-10-14-09-53-41.jpg","contentUrl":"https:\/\/bulaoutdoor.nl\/wp-content\/uploads\/2026\/02\/PHOTO-2025-10-14-09-53-41.jpg","width":1600,"height":1067},{"@type":"BreadcrumbList","@id":"https:\/\/bulaoutdoor.nl\/product\/emplacement-vide-grenier-11-octobre\/#breadcrumb","itemListElement":[{"@type":"ListItem","position":1,"name":"Home","item":"https:\/\/bulaoutdoor.nl\/"},{"@type":"ListItem","position":2,"name":"Online BBQ kopen","item":"https:\/\/bulaoutdoor.nl\/"},{"@type":"ListItem","position":3,"name":"Emplacement Vide-Grenier \/ Brocante \u2013 11 octobre 26"}]},{"@type":"WebSite","@id":"https:\/\/bulaoutdoor.nl\/#website","url":"https:\/\/bulaoutdoor.nl\/","name":"Bula Outdoor","description":"Pour votre chemin\u00e9e ext\u00e9rieure, votre barbecue, votre torche de jardin et votre four \u00e0 bois","publisher":{"@id":"https:\/\/bulaoutdoor.nl\/#organization"},"potentialAction":[{"@type":"SearchAction","target":{"@type":"EntryPoint","urlTemplate":"https:\/\/bulaoutdoor.nl\/?s={search_term_string}"},"query-input":{"@type":"PropertyValueSpecification","valueRequired":true,"valueName":"search_term_string"}}],"inLanguage":"fr-FR"},{"@type":"Organization","@id":"https:\/\/bulaoutdoor.nl\/#organization","name":"Bula Outdoor","url":"https:\/\/bulaoutdoor.nl\/","logo":{"@type":"ImageObject","inLanguage":"fr-FR","@id":"https:\/\/bulaoutdoor.nl\/#\/schema\/logo\/image\/","url":"https:\/\/www.bulaoutdoor.nl\/wp-content\/uploads\/2018\/04\/bulaoutdoor-logo.png","contentUrl":"https:\/\/www.bulaoutdoor.nl\/wp-content\/uploads\/2018\/04\/bulaoutdoor-logo.png","width":324,"height":91,"caption":"Bula Outdoor"},"image":{"@id":"https:\/\/bulaoutdoor.nl\/#\/schema\/logo\/image\/"}}]}},"jetpack_sharing_enabled":true,"_links":{"self":[{"href":"https:\/\/bulaoutdoor.nl\/fr\/wp-json\/wp\/v2\/product\/93935","targetHints":{"allow":["GET"]}}],"collection":[{"href":"https:\/\/bulaoutdoor.nl\/fr\/wp-json\/wp\/v2\/product"}],"about":[{"href":"https:\/\/bulaoutdoor.nl\/fr\/wp-json\/wp\/v2\/types\/product"}],"replies":[{"embeddable":true,"href":"https:\/\/bulaoutdoor.nl\/fr\/wp-json\/wp\/v2\/comments?post=93935"}],"wp:featuredmedia":[{"embeddable":true,"href":"https:\/\/bulaoutdoor.nl\/fr\/wp-json\/wp\/v2\/media\/93937"}],"wp:attachment":[{"href":"https:\/\/bulaoutdoor.nl\/fr\/wp-json\/wp\/v2\/media?parent=93935"}],"wp:term":[{"taxonomy":"product_brand","embeddable":true,"href":"https:\/\/bulaoutdoor.nl\/fr\/wp-json\/wp\/v2\/product_brand?post=93935"},{"taxonomy":"product_cat","embeddable":true,"href":"https:\/\/bulaoutdoor.nl\/fr\/wp-json\/wp\/v2\/product_cat?post=93935"},{"taxonomy":"product_tag","embeddable":true,"href":"https:\/\/bulaoutdoor.nl\/fr\/wp-json\/wp\/v2\/product_tag?post=93935"}],"curies":[{"name":"wp","href":"https:\/\/api.w.org\/{rel}","templated":true}]}}

<p>Stand Vide grenier et brocante pendant la fête de la musique.</p>
<p>Mise en place de 9h00 à 10h00. Il n'est pas couvert.</p>
<p>Ouvert de 10h à 16h30, le festival de musique dure jusqu'à 18h.</p>
<p>Prix par mètre € 4.50</p>
<p>Posez vos questions à info@bulaoutdoor.nl</p>
<p>Lieu : 5567 Prie Dieu 47210 Bournel (frontière de Ferrensac)</p>
<p><img loading="lazy" decoding="async" class="alignnone wp-image-93936" src="https://bulaoutdoor.nl/wp-content/uploads/2026/02/jDirAPkwBifnEBEx8-300x300.png" alt="" width="237" height="237" srcset="https://bulaoutdoor.nl/wp-content/uploads/2026/02/jDirAPkwBifnEBEx8-300x300.png 300w, https://bulaoutdoor.nl/wp-content/uploads/2026/02/jDirAPkwBifnEBEx8-150x150.png 150w, https://bulaoutdoor.nl/wp-content/uploads/2026/02/jDirAPkwBifnEBEx8-768x768.png 768w, https://bulaoutdoor.nl/wp-content/uploads/2026/02/jDirAPkwBifnEBEx8-12x12.png 12w, https://bulaoutdoor.nl/wp-content/uploads/2026/02/jDirAPkwBifnEBEx8-324x324.png 324w, https://bulaoutdoor.nl/wp-content/uploads/2026/02/jDirAPkwBifnEBEx8-416x416.png 416w, https://bulaoutdoor.nl/wp-content/uploads/2026/02/jDirAPkwBifnEBEx8-100x100.png 100w, https://bulaoutdoor.nl/wp-content/uploads/2026/02/jDirAPkwBifnEBEx8.png 1024w" sizes="auto, (max-width: 237px) 100vw, 237px" /></p>

<p>prix au mètre</p>

<!-- This site is optimized with the Yoast SEO plugin v27.5 - https://yoast.com/product/yoast-seo-wordpress/ -->
<title>Emplacement Vide-Grenier / Brocante – 11 octobre 26 &#8211; Bula Outdoor</title>
<meta name="robots" content="index, follow, max-snippet:-1, max-image-preview:large, max-video-preview:-1" />
<link rel="canonical" href="https://bulaoutdoor.nl/fr/produit/emplacement-vide-grenier-11-octobre/" />
<meta property="og:locale" content="fr_FR" />
<meta property="og:type" content="article" />
<meta property="og:title" content="Emplacement Vide-Grenier / Brocante – 11 octobre 26 &#8211; Bula Outdoor" />
<meta property="og:description" content="prijs per meter" />
<meta property="og:url" content="https://bulaoutdoor.nl/fr/produit/emplacement-vide-grenier-11-octobre/" />
<meta property="og:site_name" content="Bula Outdoor" />
<meta property="article:modified_time" content="2026-02-26T11:35:44+00:00" />
<meta property="og:image" content="https://bulaoutdoor.nl/wp-content/uploads/2026/02/PHOTO-2025-10-14-09-53-41.jpg" />
	<meta property="og:image:width" content="1600" />
	<meta property="og:image:height" content="1067" />
	<meta property="og:image:type" content="image/jpeg" />
<meta name="twitter:card" content="summary_large_image" />
<meta name="twitter:label1" content="Durée de lecture estimée" />
	<meta name="twitter:data1" content="1 minute" />
<script type="application/ld+json" class="yoast-schema-graph">{"@context":"https:\/\/schema.org","@graph":[{"@type":"WebPage","@id":"https:\/\/bulaoutdoor.nl\/product\/emplacement-vide-grenier-11-octobre\/","url":"https:\/\/bulaoutdoor.nl\/product\/emplacement-vide-grenier-11-octobre\/","name":"Emplacement Vide-Grenier \/ Brocante – 11 octobre 26 &#8211; Bula Outdoor","isPartOf":{"@id":"https:\/\/bulaoutdoor.nl\/#website"},"primaryImageOfPage":{"@id":"https:\/\/bulaoutdoor.nl\/product\/emplacement-vide-grenier-11-octobre\/#primaryimage"},"image":{"@id":"https:\/\/bulaoutdoor.nl\/product\/emplacement-vide-grenier-11-octobre\/#primaryimage"},"thumbnailUrl":"https:\/\/bulaoutdoor.nl\/wp-content\/uploads\/2026\/02\/PHOTO-2025-10-14-09-53-41.jpg","datePublished":"2026-02-21T22:37:22+00:00","dateModified":"2026-02-26T11:35:44+00:00","breadcrumb":{"@id":"https:\/\/bulaoutdoor.nl\/product\/emplacement-vide-grenier-11-octobre\/#breadcrumb"},"inLanguage":"fr-FR","potentialAction":[{"@type":"ReadAction","target":["https:\/\/bulaoutdoor.nl\/product\/emplacement-vide-grenier-11-octobre\/"]}]},{"@type":"ImageObject","inLanguage":"fr-FR","@id":"https:\/\/bulaoutdoor.nl\/product\/emplacement-vide-grenier-11-octobre\/#primaryimage","url":"https:\/\/bulaoutdoor.nl\/wp-content\/uploads\/2026\/02\/PHOTO-2025-10-14-09-53-41.jpg","contentUrl":"https:\/\/bulaoutdoor.nl\/wp-content\/uploads\/2026\/02\/PHOTO-2025-10-14-09-53-41.jpg","width":1600,"height":1067},{"@type":"BreadcrumbList","@id":"https:\/\/bulaoutdoor.nl\/product\/emplacement-vide-grenier-11-octobre\/#breadcrumb","itemListElement":[{"@type":"ListItem","position":1,"name":"Home","item":"https:\/\/bulaoutdoor.nl\/"},{"@type":"ListItem","position":2,"name":"Online BBQ kopen","item":"https:\/\/bulaoutdoor.nl\/"},{"@type":"ListItem","position":3,"name":"Emplacement Vide-Grenier \/ Brocante – 11 octobre 26"}]},{"@type":"WebSite","@id":"https:\/\/bulaoutdoor.nl\/#website","url":"https:\/\/bulaoutdoor.nl\/","name":"Bula Outdoor","description":"Voor uw buitenhaard, BBQ, tuinfakkel en houtoven","publisher":{"@id":"https:\/\/bulaoutdoor.nl\/#organization"},"potentialAction":[{"@type":"SearchAction","target":{"@type":"EntryPoint","urlTemplate":"https:\/\/bulaoutdoor.nl\/?s={search_term_string}"},"query-input":{"@type":"PropertyValueSpecification","valueRequired":true,"valueName":"search_term_string"}}],"inLanguage":"fr-FR"},{"@type":"Organization","@id":"https:\/\/bulaoutdoor.nl\/#organization","name":"Bula Outdoor","url":"https:\/\/bulaoutdoor.nl\/","logo":{"@type":"ImageObject","inLanguage":"fr-FR","@id":"https:\/\/bulaoutdoor.nl\/#\/schema\/logo\/image\/","url":"https:\/\/www.bulaoutdoor.nl\/wp-content\/uploads\/2018\/04\/bulaoutdoor-logo.png","contentUrl":"https:\/\/www.bulaoutdoor.nl\/wp-content\/uploads\/2018\/04\/bulaoutdoor-logo.png","width":324,"height":91,"caption":"Bula Outdoor"},"image":{"@id":"https:\/\/bulaoutdoor.nl\/#\/schema\/logo\/image\/"}}]}</script>
<!-- / Yoast SEO plugin. -->

Pour votre cheminée extérieure, votre barbecue, votre torche de jardin et votre four à bois
